 in base 3?
0
What is -40 (base 5) in base 9?
-22
-53 (base 10) to base 2
-110101
Convert -48 (base 15) to base 10.
-68
23 (base 6) to base 12
13
0 (base 4) to base 14
0
What is -15 (base 6) in base 9?
-12
-1012 (base 3) to base 8
-40
Convert -321 (base 4) to base 3.
-2010
Convert 69 (base 11) to base 4.
1023
-7 (base 8) to base 9
-7
What is 21 (base 15) in base 4?
133
Convert 11 (base 3) to base 10.
4
14 (base 16) to base 15
15
What is -2 (base 3) in base 8?
-2
Convert -3 (base 7) to base 13.
-3
What is 6 (base 11) in base 15?
6
-8a (base 16) to base 5
-1023
2211 (base 4) to base 9
203
Convert -121 (base 3) to base 9.
-17
Convert 5 (base 12) to base 11.
5
-23 (base 10) to base 6
-35
What is 0 (base 7) in base 12?
0
Convert 13 (base 4) to base 2.
111
0 (base 12) to base 10
0
-17 (base 15) to base 3
-211
What is 3 (base 4) in base 16?
3
a (base 14) to base 11
a
-6 (base 11) to base 3
-20
Convert 12 (base 8) to base 4.
22
Convert 5 (base 14) to base 7.
5
4 (base 8) to base 5
4
Convert 382 (base 9) to base 13.
1b5
1 (base 5) to base 2
1
9d (base 15) to base 9
174
What is 3 (base 13) in base 14?
3
What is 12020 (base 3) in base 14?
a1
What is 234 (base 9) in base 8?
301
-4 (base 5) to base 4
-10
Convert -42 (base 15) to base 7.
-116
What is -11e (base 15) in base 7?
-512
3 (base 9) to base 11
3
What is 2 (base 16) in base 7?
2
4 (base 13) to base 5
4
0 (base 10) to base 3
0
-11 (base 3) to base 15
-4
Convert -5 (base 9) to base 16.
-5
Convert 4b (base 14) to base 10.
67
Convert 21 (base 10) to base 9.
23
b (base 13) to base 15
b
Convert -1 (base 6) to base 3.
-1
-5d (base 16) to base 12
-79
-10 (base 5) to base 2
-101
Convert -300 (base 4) to base 2.
-110000
Convert 12 (base 9) to base 3.
102
13 (base 8) to base 13
b
Convert -226 (base 10) to base 12.
-16a
-60 (base 11) to base 12
-56
Convert 2 (base 4) to base 5.
2
What is -10 (base 2) in base 8?
-2
Convert 7 (base 16) to base 3.
21
What is 8 (base 16) in base 4?
20
Convert -1 (base 13) to base 16.
-1
What is -1c (base 16) in base 7?
-40
-1 (base 3) to base 14
-1
What is 11 (base 6) in base 4?
13
-a1 (base 13) to base 3
-11212
Convert -b (base 14) to base 5.
-21
-30 (base 15) to base 9
-50
What is 4 (base 13) in base 7?
4
-1 (base 8) to base 9
-1
Convert 20 (base 4) to base 12.
8
-162 (base 10) to base 8
-242
Convert 1a (base 14) to base 9.
26
What is -2 (base 11) in base 16?
-2
3232 (base 4) to base 8
356
0 (base 12) to base 6
0
What is 3b (base 15) in base 7?
110
-1 (base 3) to base 9
-1
-6 (base 11) to base 14
-6
Convert 100 (base 3) to base 4.
21
What is -1 (base 11) in base 9?
-1
-15 (base 11) to base 13
-13
What is -1010010 (base 2) in base 14?
-5c
12 (base 11) to base 6
21
What is -b2 (base 14) in base 8?
-234
What is -1210 (base 5) in base 7?
-345
Convert 9 (base 16) to base 12.
9
What is 20 (base 15) in base 5?
110
Convert 20 (base 13) to base 5.
101
3 (base 9) to base 14
3
Convert -23 (base 16) to base 2.
-100011
-6 (base 7) to base 4
-12
2 (base 10) to base 13
2
-9a (base 15) to base 11
-122
-5 (base 13) to base 2
-101
67 (base 11) to base 14
53
-2 (base 7) to base 14
-2
Convert -4 (base 8) to base 3.
-11
Convert -1 (base 12) to base 14.
-1
Convert -2 (base 15) to base 7.
-2
-2 (base 16) to base 3
-2
What is -52 (base 6) in base 2?
-100000
What is -1 (base 8) in base 6?
-1
Convert 12 (base 14) to base 9.
17
Convert -14 (base 5) to base 4.
-21
-1 (base 2) to base 9
-1
Convert a2 (base 16) to base 15.
ac
5 (base 10) to base 8
5
Convert -1001011 (base 2) to base 15.
-50
202 (base 3) to base 8
24
3 (base 11) to base 3
10
Convert 3 (base 12) to base 10.
3
1 (base 10) to base 8
1
Convert 4 (base 5) to base 12.
4
Convert -10 (base 12) to base 4.
-30
-20 (base 11) to base 3
-211
What is -101111010 (base 2) in base 11?
-314
What is 4 (base 6) in base 7?
4
What is 1 (base 11) in base 3?
1
What is 4 (base 13) in base 5?
4
What is 6b (base 13) in base 9?
108
Convert -2111 (base 3) to base 7.
-124
Convert -6 (base 14) to base 8.
-6
What is 101 (base 3) in base 14?
a
Convert 11000 (base 3) to base 6.
300
What is -3 (base 10) in base 7?
-3
What is -12 (base 4) in base 13?
-6
-1 (base 7) to base 15
-1
Convert 0 (base 3) to base 13.
0
Convert 0 (base 10) to base 15.
0
What is -85 (base 9) in base 12?
-65
Convert 1021 (base 3) to base 5.
114
e (base 15) to base 14
10
What is -11 (base 10) in base 13?
-b
2 (base 4) to base 14
2
10 (base 4) to base 9
4
-6 (base 13) to base 3
-20
Convert 1a (base 16) to base 10.
26
Convert -2 (base 14) to base 10.
-2
5 (base 13) to base 12
5
What is -10 (base 4) in base 12?
-4
Convert 12 (base 8) to base 4.
22
What is a (base 12) in base 2?
1010
-13 (base 8) to base 7
-14
Convert 27 (base 8) to base 11.
21
Convert 122 (base 8) to base 14.
5c
Convert 5 (base 12) to base 8.
5
-54 (base 11) to base 12
-4b
-10011 (base 2) to base 15
-14
10330 (base 4) to base 2
100111100
-201 (base 6) to base 15
-4d
7 (base 15) to base 10
7
-1101 (base 2) to base 5
-23
What is 31 (base 9) in base 10?
28
2 (base 13) to base 4
2
Convert -7 (base 11) to base 9.
-7
-97 (base 12) to base 13
-8b
What is -17 (base 9) in base 2?
-10000
What is 24 (base 6) in base 12?
14
3 (base 14) to base 8
3
What is -5 (base 11) in base 5?
-10
What is 1a (base 13) in base 14?
19
Convert 77 (base 10) to base 12.
65
10 (base 13) to base 5
23
What is -8 (base 13) in base 15?
-8
Convert -11001 (base 2) to base 14.
-1b
Convert -4 (base 14) to base 16.
-4
3 (base 8) to base 15
3
-c (base 13) to base 4
-30
What is -2 (base 13) in base 16?
-2
What is 1212 (base 3) in base 12?
42
Convert 1 (base 12) to base 13.
1
-3a (base 11) to base 15
-2d
Convert -31 (base 5) to base 9.
-17
What is -3 (base 11) in base 13?
-3
c4 (base 13) to base 7
316
12 (base 7) to base 4
21
What is 0 (base 2) in base 5?
0
What is 22 (base 16) in base 11?
31
Convert -46 (base 8) to base 13.
-2c
-25 (base 7) to base 10
-19
-23 (base 7) to base 16
-11
-154 (base 7) to base 8
-130
Convert 0 (base 4) to base 11.
0
Convert -5 (base 9) to base 11.
-5
What is -13 (base 4) in base 13?
-7
Convert -2 (base 9) to base 13.
-2
Convert 12 (base 4) to base 3.
20
-7 (base 16) to base 5
-12
What is -1 (base 11) in base 6?
-1
What is -33 (base 8) in base 9?
-30
42 (base 11) to base 5
141
What is 21 (base 9) in base 12?
17
65 (base 9) to base 4
323
What is 20 (base 10) in base 12?
18
-37 (base 13) to base 8
-56
What is -2 (base 14) in base 7?
-2
2 (base 15) to base 12
2
What is -16 (base 7) in base 16?
-d
Convert 1 (base 9) to base 11.
1
What is -2 (base 10) in base 2?
-10
47 (base 9) to base 10
43
What is -137 (base 14) in base 5?
-1440
1 (base 16) to base 12
1
What is -21 (base 11) in base 7?
-32
-3 (base 8) to base 14
-3
What is -125 (base 7) in base 15?
-48
-22 (base 6) to base 10
-14
What is -11 (base 6) in base 8?
-7
What is -1011 (base 2) in base 8?
-13
Convert -2 (base 16) to base 6.
-2
Convert -21 (base 5) to base 10.
-11
36 (base 16) to base 7
105
c (base 13) to base 7
15
Convert 47 (base 9) to base 5.
133
20 (base 9) to base 7
24
Convert 4d (base 15) to base 2.
1001001
What is 256 (base 8) in base 12?
126
What is 164 (base 7) in base 12?
7b
What is 1 (base 15) in base 6?
1
-5 (base 8) to base 4
-11
64 (base 13) to base 12
6a
Convert 2030 (base 4) to base 16.
8c
2 (base 13) to base 12
2
1 (base 16) to base 4
1
What is -4 (base 16) in base 9?
-4
-5 (base 6) to base 4
-11
Convert 0 (base 13) to base 11.
0
12 (base 4) to base 13
6
Convert 10010100 (base 2) to base 5.
1043
What is 1 (base 2) in base 9?
1
Convert -2 (base 4) to base 7.
-2
-13 (base 16) to base 15
-14
-43 (base 10) to base 7
-61
What is -1110 (base 3) in base 16?
-27
What is 2 (base 10) in base 4?
2
What is -17 (base 12) in base 10?
-19
Convert 16 (base 16) to base 3.
211
1 (base 16) to base 2
1
What is -64 (base 12) in base 8?
-114
-a3 (base 14) to base 10
-143
Convert 29 (base 13) to base 5.
120
What is -b (base 14) in base 10?
-11
What is 9 (base 10) in base 13?
9
Convert -3 (base 13) to base 5.
-3
What is -1 (base 5) in base 15?
-1
7 (base 16) to base 3
21
Convert -45 (base 15) to base 14.
-49
-14 (base 10) to base 9
-15
What is -112 (base 3) in base 9?
-15
Convert -15 (base 12) to base 7.
-23
What is 1 (base 11) in base 12?
1
Convert 2 (base 9) to base 4.
2
What is 5 (base 14) in base 15?
5
